0*r, 2*x + 3*r - u = 0. Let z(p) = 1 + 4 + x*p**2 - 16*p**2. Give z(4).
-11
Let i(d) = d - 3 + 3 - 6*d + 1. Let l(b) = -b. Let y be l(-3). Suppose -q + 2*s - 2 = -y*q, -q + 3*s = 7. Calculate i(q).
6
Let b(d) = -4*d**2 - 74 + 74. Suppose 8*p - 3*p = 85. Suppose 0 = -5*c - 4*n + p, 2*c = -2*c - 4*n + 16. Give b(c).
-4
Let i(v) = v**2 + 2*v - 3. Let f(s) = -s + 2. Let t be f(0). Give i(t).
5
Let y(p) = p**2 + p + 1. Let s = 14 + -15. Calculate y(s).
1
Let k(d) = -d**2 - d - 9. Let g = -31 + 31. Give k(g).
-9
Let m(a) = a**3 + a**2 - 2*a + 1. Let q be ((-3)/6)/((-2)/16). Let r = -3 + q. Calculate m(r).
1
Let a = -17 - -14. Let w(r) = -r**3 - 2*r**2 + 3*r. What is w(a)?
0
Let f = -24 + 35. Suppose 5*i - f = 14. Let j(t) = -t**3 + 4*t**2 + 4*t - 3. Give j(i).
-8
Let g(d) be the third derivative of d**7/2520 - d**6/360 - d**5/60 - d**4/24 + 6*d**2. Let c(o) be the second derivative of g(o). Calculate c(4).
6
Let z = -11 - -17. Let u = z - 2. Let f(v) = -3*v**2 + 3*v - 4 + v - v**3 + u*v**2. Give f(3).
-10
Let b(z) = 4*z**2 + 2*z - 2. Let r(o) = 9*o**2 + 3*o - 5. Let w(c) = c**2 + 2*c + 4. Let j be w(-3). Let p(q) = j*b(q) - 3*r(q). Give p(-4).
-3
Let f(o) = o + 9. Let d(g) = g + 3. Let x be d(-3). What is f(x)?
9
Let f(q) = -4*q**2 - 34*q + 9. Let w(g) = g**2 + 11*g - 3. Let j(x) = 2*f(x) + 7*w(x). Determine j(8).
5
Suppose -2*j + 3*d + 2*d - 9 = 0, 15 = 3*j + 2*d. Suppose j*m + v - 23 = 3*v, -v = 4. Let i(h) = -h + 5. Determine i(m).
0
Let c(j) = 3*j**2 - 2*j - 2. Suppose k - 5*k + 8 = 2*s, -6 = -3*k - 3*s. Calculate c(k).
6
Let x(g) = -g**3 - 3*g**2 - 2*g + 1. Let d be (-3 + 4)*-6 + 4. Determine x(d).
1
Let x(h) = -2 + 3*h - h + h**3 + 4*h**2 - 10*h + 3*h. What is x(-5)?
-2
Let s(l) be the first derivative of -l**3/3 - l**2/2 + 19*l + 9. What is s(0)?
19
Let x(q) = -5*q**2 + 7 + 5*q**2 + q**2 - 8*q. Give x(6).
-5
Let f(t) = -3 + 5 + t**3 - 3. Suppose 0 = 2*l - 4*m - m - 19, -l - 5*m = 28. Let d = -3 - l. What is f(d)?
-1
Suppose 0 = -3*g + 5 + 1. Let k(p) = -2 + 2*p + 0*p**2 + 3*p**3 - 2*p**3 - p**2. Calculate k(g).
6
Let u(f) = -3*f - 1. Suppose s = -s + 4*q - 16, -s - 2*q + 8 = 0. Suppose 23 - 5 = 9*a. Suppose s = -l - l + a. What is u(l)?
-4
Let c be (-3*24/18)/((-2)/4). Let a(m) = -m**3 + 8*m**2 - 3*m + 11. Determine a(c).
-13
Let i = -9 + 2. Let c(s) = 1. Let m(j) = j + 5. Let z(l) = 2*c(l) + m(l). What is z(i)?
0
Let c be 4 - (0 - 0 - -8). Let s(z) = -7*z**3 - 23*z**2 + 10*z + 7. Let j(g) = 3*g**3 + 11*g**2 - 5*g - 3. Let t(r) = c*s(r) - 9*j(r). What is t(6)?
-7
Let r(v) = -v**3 + 2*v + 0*v**3 + 140*v**2 - 138*v**2. What is r(3)?
-3
Let s(z) = z + 0*z - 6*z - 2*z. Determine s(-1).
7
Let h = 7 + -6. Let a = -5 + 6. Let g(k) = k - 3*k + a + 2*k**2 + k. Determine g(h).
2
Let l(s) be the second derivative of s**5/20 - s**4/12 + s**3/6 - s**2 - 3*s. What is l(2)?
4
Let b(n) = -n**2 - 6*n - 3. Let y be b(-5). Let u(o) = 5*o - 9. Let s(t) = -2*t + 4. Let i(j) = -9*s(j) - 4*u(j). What is i(y)?
-4
Let y(v) = 2*v - 2. Let u = 47 - 50. What is y(u)?
-8
Let l(i) = -i**2 + 3. Let z(r) = r + 4. Suppose -3*a + 4 = 1, 3*w = -5*a - 7. Let j be z(w). What is l(j)?
3
Let o(v) be the third derivative of v**8/6720 + v**7/360 + v**6/120 - v**5/24 + v**4/24 - 7*v**2. Let x(s) be the second derivative of o(s). Determine x(-6).
-5
Let u(q) = 66*q**2 - 35*q**2 + 4*q - 34*q**2 - 3. What is u(2)?
-7
Let x(z) = 4 - 3 + z - 7. Calculate x(3).
-3
Let t(b) be the second derivative of -b**8/6720 + b**7/630 + b**6/720 - b**5/30 - b**4/4 + b. Let l(w) be the third derivative of t(w). Give l(4).
0
Let b(y) be the first derivative of -y**3/3 + 7*y**2/2 - y + 15. Give b(6).
5
Let m(z) = -3*z + 2 + 5*z + 0 - 8. Determine m(5).
4
Let q(p) = -p**2 - 6 + 2 + 4. Let t(k) = -k**3 - 5*k + 3. Suppose 0 = -4*s - 4, -7*r + 4 = -2*r + s. Let l(w) = r*t(w) + 6*q(w). Determine l(-4).
-9
Let s(j) = -5*j + 1. Let o(z) = -21*z + 4. Let r = -22 + 31. Let k(a) = r*s(a) - 2*o(a). What is k(-2)?
7
Let w(m) = -m**2 + 1. Let n(g) = -2*g**2 + 2*g. Let s be n(2). Let d(z) = -z + 1. Let y(o) = 6*o - 4. Let a(h) = -5*d(h) - y(h). Let t be a(s). Give w(t).
-8
Let o(u) be the second derivative of -u**3/6 + 5*u**2/2 - 19*u. What is o(0)?
5
Let p(o) = o + 10. Let z be p(-9). Let l be (1/(-2))/(z/2). Let n(g) = 2*g**3 - 2*g**2 - 2*g - 1. Give n(l).
-3
Let f be (-206)/(-8) - 24/32. Suppose -f = -4*s - b, s - 3*b = -s + 9. Let h(a) = -a**2 + 5*a - 2. Give h(s).
-8
Let o(i) = 7*i**2 - 4*i - 2. Let w(k) = 8*k**2 - 5*k - 2. Let f(t) = -6*o(t) + 5*w(t). Calculate f(-3).
-13
Suppose -4*z = -2*k, -5*k + 8 = 4*z - 3*k. Let s be z/(0 + (-1)/(-2)). Let h(r) = 1 + s*r - 1 - 1. Give h(4).
7
Let h be ((-4)/6)/((-7)/42). Let u(f) be the second derivative of 0 + 2*f + 2/3*f**3 + f**2 + 1/12*f**h. What is u(-4)?
2
Let h(r) = r**3 - 4*r**2 + 5*r - 4. Let q(i) = -2*i + 6. Let t be q(6). Let y = t - -9. Give h(y).
2
Let m(g) = g**2 - 4*g**2 + 5*g**3 + 6 - 2*g**3 + 2*g - 3. Let n(p) = p**2 - p - 1. Let l(q) = m(q) + 3*n(q). Calculate l(-1).
-2
Let n(r) = r - 3. Let z be 1 - -2*(-3)/(-6). Suppose z*w + 3*f - 4 = 3, -4*w + 22 = -2*f. Determine n(w).
2
Suppose 48*k - 276 + 36 = 0. Let n be (1/(-2) - -1)*2. Let o(d) = -4 + 3*d - n - d**3 + 2*d + 4*d**2. What is o(k)?
-5
Let v(b) = b**2 - 4 - 6*b**2 + 4*b**2. Let i(k) be the third derivative of k**5/60 + k**4/2 - 13*k**3/6 - 6*k**2. Let j be i(-13). Give v(j).
-4
Let b(l) = l - 1. Let g be b(2). Let z = -6 + g. Let s(t) = -44*t - t**3 - 47*t - 4*t**2 + 7 + 99*t. Calculate s(z).
-8
Let n(i) = 41*i - 3. Let j(h) = 21*h - 2. Let b(u) = -5*j(u) + 3*n(u). What is b(-1)?
-17
Let u be (-2 - -1)/((-2)/(-4)). Let b(t) = -7 + 2 + 0*t - t + 3. Determine b(u).
0
Let q = 0 - 5. Let i(c) = 7*c - 9. Let o(j) = 4*j - 5. Let a(k) = -6*i(k) + 11*o(k). What is a(q)?
-11
Let b(o) = 5*o + 3. Let u(s) = -s - 1. Let d(f) = -b(f) - 6*u(f). What is d(-6)?
-3
Let j(g) = -g**2 + 7*g - 3. Let t = -12 + 18. Give j(t).
3
Let z(d) = 97*d**2 + 2*d**3 + 98*d**2 - 196*d**2. Calculate z(2).
12
Let d(c) = -5*c**3 - 10*c**2 - 3*c + 3. Let v(i) = -4*i**3 - 9*i**2 - 3*i + 4. Let m(g) = -3*d(g) + 4*v(g). What is m(-5)?
-3
Let f = 17 + -20. Let g(c) = -c**2. Let x(m) = 4*m**2 - m + 1. Let u(z) = 9*g(z) + 2*x(z). Calculate u(f).
-1
Let g(h) = h + 5. Let t be (-16)/(10/5)*1. Give g(t).
-3
Let d be 3/2*4/3. Let j be ((-10)/20)/((-1)/d). Let o(g) = 3*g**3 - 1. Calculate o(j).
2
Let d(m) = -m**2 - 5*m - 3. Let w be d(-2). Let h(o) be the first derivative of -o**2/2 + 7*o - 1. What is h(w)?
4
Let v = -34 - -40. Let w(p) = p**3 - 5*p**2 - 7*p + 1. Calculate w(v).
-5
Let r(o) = -o**3 + 4*o**2 - 4*o + 3. Let d be r(3). Suppose w - 12 = 2*k, d*w + w - 7 = k. Let f(i) = -i**2 - 4*i. What is f(k)?
-5
Let l(n) = -7*n - 11. Let f(q) = -4*q - 5. Let o(h) = 5*f(h) - 3*l(h). Let k be 1 + (-3 - 12/4). Calculate o(k).
3
Let t(r) = 2*r. Suppose 2*j - 12 = 5*i + 3*j, -5*i - 2*j = 14. Suppose -5*w = -13 - 17. Let a = i + w. Calculate t(a).
8
Let v(i) = i**2 + 6. Let p(o) = 6*o + 30. Let k be p(-5). What is v(k)?
6
Let l(z) be the first derivative of -z**2/2 - 5*z + 1. Let v be l(-4). Let r(x) be the first derivative of x**2/2 + x + 4. Calculate r(v).
0
Let p = -5 - -7. Let o(t) be the third derivative of 0 + 1/12*t**4 + 3*t**2 - 1/6*t**3 + 0*t - 1/60*t**5. What is o(p)?
-1
Let f be (((-45)/18)/(-5))/(1/(-10)). Let j(l) = -7*l**3 + 17*l**2 + l + 6. Let s(z) = -3*z**3 + 8*z**2 + 3. Let v(r) = 4*j(r) - 9*s(r). What is v(f)?
2
Let u(v) be the third derivative of 0*v - 1/2*v**3 - v**2 + 1/24*v**4 + 0. Determine u(-6).
-9
Let s(j) = -5*j**3 + 4*j**2 - 5*j + 8. Let i(n) = n**3 - n**2 + n + 1. Let y(h) = -4*i(h) - s(h). Give y(0).
-12
Let s(u) = -3*u**3 - 6*u**2 - 2. Let y(m) = -4*m**3 - 7*m**2 + m - 3. Let l(c) = 3*s(c) - 2*y(c). Suppose -22 = k - 14. Let d = k + 4. Determine l(d).
8
Suppose s = 3 - 0. Let x(i) = 6 - 3*i**s - 5 + 9*i**3. Let d(g) = g - 3. Let h be d(2). Give x(h).
-5
Let h(r) = -3*r - 3. Let l be h(-2). Suppose -4*c = c - 15, -5*z + l = -4*c. Let v = 4 - z. Let w(u) = -7*u**3 + 2*u**2 - u. Determine w(v).
-6
Let i(b) be the third derivative of 0*b - 1/120*b**6 - 1/30*b**5 + 0 + 2*b**2 - 1/8*b**4 + 0*b**3. What is i(-2)?
6
Let h(d) be the first derivative of 4*d**2 - 12. What is h(1)?
8
Suppose j = -3*k - 30, 3*k + 25 = -2*j - 20. S